255
Convert -31420 (base 6) to base 12.
-2570
What is -14d (base 15) in base 13?
-19c
What is -622 (base 10) in base 5?
-4442
39919 (base 10) to base 16
9bef
-2524 (base 10) to base 9
-3414
1503 (base 15) to base 6
32503
Convert -222 (base 6) to base 13.
-68
What is 3cd0 (base 15) in base 16?
32dc
-11112 (base 3) to base 11
-101
e0 (base 16) to base 11
194
What is -6ee5 (base 15) in base 4?
-11300333
ad (base 16) to base 7
335
What is -2043140 (base 5) in base 6?
-422110
What is -68c (base 16) in base 9?
-2262
What is bd (base 15) in base 4?
2302
What is -15364 (base 8) in base 11?
-5203
-681 (base 10) to base 9
-836
Convert -9c87 (base 16) to base 3.
-2000222010
-eba (base 15) to base 12
-1b11
What is -510 (base 7) in base 11?
-20a
What is 1001121 (base 3) in base 11?
642
What is -41245 (base 8) in base 5?
-1021221
Convert -3021 (base 4) to base 10.
-201
-30551 (base 8) to base 14
-4877
Convert 3354 (base 7) to base 9.
1600
-1451 (base 9) to base 6
-5031
Convert -74223 (base 8) to base 5.
-1441432
1451 (base 6) to base 2
110000111
What is 27b (base 15) in base 4?
20312
Convert 1363 (base 7) to base 4.
20113
Convert 2063 (base 8) to base 4.
100303
What is -31440 (base 9) in base 12?
-10030
Convert 122220112 (base 3) to base 4.
3023333
614 (base 10) to base 7
1535
-4a9 (base 14) to base 13
-56a
Convert -100111012 (base 3) to base 11.
-5219
487 (base 15) to base 11
854
786 (base 9) to base 7
1611
4104022 (base 5) to base 6
1230105
What is 1a41 (base 11) in base 12?
15b6
-5a50 (base 11) to base 15
-2530
-220a4 (base 13) to base 11
-42356
73347 (base 9) to base 6
1012024
637 (base 8) to base 14
219
-21200211 (base 3) to base 5
-134421
What is ba (base 16) in base 9?
226
Convert 361 (base 7) to base 4.
2332
Convert 3963 (base 13) to base 10.
8193
Convert -13144 (base 7) to base 3.
-11211001
-b58 (base 13) to base 5
-30212
What is -728e (base 15) in base 4?
-11322101
What is -4044 (base 5) in base 16?
-20c
Convert 11120120 (base 3) to base 4.
310020
11100110001100 (base 2) to base 7
60644
31234 (base 6) to base 14
175c
-11587 (base 15) to base 16
-d7d4
Convert -35 (base 6) to base 12.
-1b
-5014 (base 15) to base 3
-212011201
Convert -210230 (base 4) to base 11.
-1845
226 (base 12) to base 5
2233
What is -18603 (base 11) in base 10?
-26018
What is -263 (base 10) in base 6?
-1115
What is 10111110101 (base 2) in base 14?
7ad
4011 (base 7) to base 2
10101100100
Convert 3032 (base 4) to base 9.
248
-4405 (base 6) to base 13
-5cc
-2307 (base 8) to base 4
-103013
1202243 (base 5) to base 3
1010110011
Convert -101433 (base 6) to base 13.
-3936
43241 (base 5) to base 9
4033
Convert -139d (base 15) to base 11.
-3177
12002212 (base 3) to base 5
104342
What is 29991 (base 10) in base 11?
20595
11203 (base 8) to base 11
3619
Convert -70404 (base 8) to base 13.
-10227
What is -1074 (base 11) in base 4?
-112010
-1111110001 (base 2) to base 11
-838
Convert -12303 (base 8) to base 6.
-40335
Convert 10ac0 (base 14) to base 9.
61548
-917 (base 16) to base 4
-210113
What is -112233 (base 5) in base 16?
-fe4
-213 (base 9) to base 2
-10101110
-437 (base 12) to base 8
-1153
Convert 4a (base 14) to base 16.
42
What is -231011 (base 4) in base 16?
-b45
-3200 (base 4) to base 16
-e0
Convert 4a1 (base 15) to base 2.
10000011011
What is 6420 (base 16) in base 6?
314400
What is -9e5 (base 15) in base 3?
-10001222
Convert -3035 (base 7) to base 2.
-10000011111
What is -210022 (base 3) in base 12?
-3bb
What is -31767 (base 12) in base 2?
-1111110111111111
Convert -313 (base 14) to base 5.
-4410
1100110000 (base 2) to base 3
1010020
What is 1262 (base 12) in base 15?
945
What is 138 (base 16) in base 4?
10320
21101000 (base 3) to base 14
1d5b
400011 (base 5) to base 3
122011012
What is 11040 (base 5) in base 14?
3d0
-43473 (base 11) to base 16
-f691
Convert 502040 (base 6) to base 10.
39336
1100111110000101 (base 2) to base 11
36a06
Convert -200012 (base 5) to base 6.
-44545
What is b54 (base 13) in base 7?
5423
-19c8 (base 14) to base 7
-16441
2131100 (base 4) to base 9
14722
What is -228 (base 15) in base 16?
-1e8
Convert -112202010 (base 3) to base 11.
-8092
211000002 (base 3) to base 2
11111010101000
-112000200 (base 3) to base 6
-115200
Convert -a3 (base 12) to base 2.
-1111011
-2108 (base 9) to base 11
-1187
What is -b85 (base 14) in base 9?
-3105
2211 (base 7) to base 8
1430
What is -1166 (base 9) in base 8?
-1546
4037 (base 10) to base 8
7705
Convert -17c8 (base 13) to base 2.
-110111011000
Convert 804 (base 9) to base 2.
1010001100
What is 202210210 (base 3) in base 4?
3231000
-1ba (base 16) to base 9
-541
Convert 4201 (base 5) to base 12.
39b
What is a700 (base 11) in base 12?
8239
-42305 (base 9) to base 16
-6d2e
What is -3102 (base 8) in base 14?
-826
Convert 1100011100000 (base 2) to base 3.
22201212
Convert -628 (base 10) to base 8.
-1164
What is -1010144 (base 6) in base 13?
-18b17
Convert 1121210 (base 3) to base 16.
49e
-b39 (base 14) to base 15
-9c2
What is 110222200 (base 3) in base 13?
4404
-354 (base 16) to base 8
-1524
-32661 (base 8) to base 9
-20762
What is 42b (base 13) in base 15?
328
Convert 24570 (base 12) to base 5.
3033223
13005 (base 13) to base 3
1210020010
What is 583 (base 10) in base 4?
21013
What is 24110 (base 5) in base 11?
1379
Convert 12310 (base 4) to base 5.
3221
-1011000011100 (base 2) to base 7
-22334
-25c (base 15) to base 8
-1031
Convert 1c1 (base 16) to base 7.
1211
4d (base 16) to base 14
57
241 (base 10) to base 3
22221
Convert -3997 (base 11) to base 8.
-12104
Convert dd08 (base 16) to base 3.
2212121201
What is 1434 (base 8) in base 4?
30130
What is -a045 (base 16) in base 15?
-c254
What is 6d4 (base 15) in base 6?
11101
What is -10132232 (base 4) in base 14?
-698a
What is -273 (base 8) in base 2?
-10111011
What is -665 (base 9) in base 13?
-32c
12226 (base 9) to base 2
10000000001101
1954 (base 13) to base 8
7313
Convert 24253 (base 6) to base 12.
2089
114341 (base 5) to base 15
144b
-30122 (base 5) to base 11
-1489
9176 (base 10) to base 12
5388
What is -c40 (base 15) in base 12?
-1720
-11310 (base 4) to base 10
-372
-382a (base 13) to base 16
-1f2b
What is -76 (base 14) in base 2?
-1101000
What is -11221102 (base 3) in base 15?
-1102
What is 5545 (base 6) in base 14?
681
183 (base 9) to base 14
b2
Convert 60435 (base 7) to base 3.
202001210
-11111000011 (base 2) to base 5
-30422
10a9 (base 16) to base 13
1c31
-485 (base 14) to base 15
-401
What is 13110 (base 4) in base 8?
724
-13112 (base 4) to base 10
-470
1122201 (base 3) to base 13
71b
12405 (base 9) to base 12
49b8
Convert 125 (base 9) to base 12.
88
2001120 (base 3) to base 11
1144
85e (base 15) to base 14
98d
202210200 (base 3) to base 2
11101100111101
What is 56a4 (base 12) in base 16?
259c
-18c68 (base 13) to base 5
-3021001
What is -3618 (base 14) in base 10?
-9430
26243 (base 8) to base 12
6743
What is 42 (base 12) in base 8?
62
41a63 (base 11) to base 2
1110111011110110
Convert 125 (base 13) to base 2.
11001000
What is 17a (base 15) in base 9?
417
Convert -937 (base 15) to base 2.
-100000011101
What is 222210 (base 3) in base 10?
723
-ecb (base 16) to base 13
-1954
Convert 404 (base 13) to base 4.
22220
Convert -10 (base 2) to base 4.
-2
100110011 (base 2) to base 15
157
550 (base 6) to base 9
253
-1000000001100 (base 2) to base 12
-2464
Convert 111 (base 9) to base 8.
133
-835e (base 15) to base 6
-332312
10202001 (base 3) to base 2
101010101000
Convert -2000120 (base 3) to base 14.
-773
Convert -2165 (base 8) to base 6.
-5141
Convert 337 (base 11) to base 5.
3103
101011101001010 (base 2) to base 6
251242
Convert 1850a (base 12) to base 5.
2112130
Convert c0a0 (base 14) to base 9.
50322
Convert 1025 (base 8) to base 13.
320
What is -20200 (base 4) in base 6?
-2304
What is -6ab (base 15) in base 11?
-1154
-13241 (base 6) to base 12
-1221
-5 (base 8) to base 15
-5
Convert -14322 (base 5) to base 12.
-850
Convert 132210 (base 4) to base 5.
30311
What is 115015 (base 6) in base 7?
41426
-13013 (base 4) to base 6
-2035
10223010 (base 4) to base 14
6d92
-284a (base 14) to base 4
-1233102
Convert -1011000101001 (base 2) to base 11.
-4298
7802 (base 15) to base 7
134063
1112 (base 6) to base 9
318
What is 25567 (base 11) in base 15?
acb0
Convert 26676 (base 10) to bas